 - -88. Suppose -o*x - 15 = -41. What is the units digit of p(x)?
3
Let w(z) = 1764*z + 44. Let r be w(2). Suppose -3*p = -m + 891, -4*m + r = 30*p - 34*p. What is the tens digit of m?
9
Suppose 4*p + 20 = 0, 2*c - 3*p - 3064 = -479. What is the hundreds digit of c?
2
Let m = 27708 - 7122. What is the thousands digit of m?
0
Let s(n) = -582*n - 134. What is the ten thousands digit of s(-18)?
1
Let j(m) = -m**3 + 12*m**2 - 8*m - 9. Let d = -72 + 72. Suppose -5*v + 55 = -d*v. What is the tens digit of j(v)?
2
Let a = 567 - -763. What is the tens digit of a?
3
Let u = -59 - -4851. What is the hundreds digit of u?
7
What is the ten thousands digit of (-4)/(72/90) - -18201?
1
Let b(j) = -j**2 - 9*j + 4. Let w be 8/(-32) + 35/(-4). Let t be b(w). What is the units digit of -11*(0 - t/4)?
1
Suppose -5*r = -2*v - 12, -3*v = -7*v + r - 42. Let m(d) = d**3 + 11*d**2 - d + 11. What is the tens digit of m(v)?
2
Let l be (6 + -6)/8 + 2. Suppose -l*w + 4*a = -932, -2*w = -4*w - 4*a + 916. What is the tens digit of w?
6
Let r be -51*6/(-18) + -9. Suppose 3839 = r*o - 9697. What is the thousands digit of o?
1
Suppose 88*y - 91*y + 6 = 0. Suppose 8*s = y*s + 24. Suppose -s*o - 406 = -6*o. What is the units digit of o?
3
Let m(q) be the second derivative of 15*q**4/4 + q**2/2 - 36*q. Let g be m(2). Let l = -72 + g. What is the units digit of l?
9
Suppose k + 7 = 6. Let v be (-17 - -16)/(k/(-31)). Let h = v - -40. What is the units digit of h?
9
Let b = -189 - -336. Suppose -b = -7*g + 5*g - 3*z, -3*g - 5*z = -222. What is the tens digit of g?
6
Let o = 112 - 264. Let x = o - -234. What is the tens digit of x?
8
Suppose 96 = 7*n - 44. Suppose -4*i = g - 4*g - 19, 0 = -5*i + 3*g + n. Suppose -i = -l, 3*w + 2*w - 504 = -4*l. What is the tens digit of w?
0
Suppose 2*d - 9 = -9. Suppose -j = -d*j - 3. Suppose -j*p = -9*p + 618. What is the units digit of p?
3
What is the units digit of ((5/30)/(-1))/((-35)/1828470)?
7
Let i = 857 - 165. Suppose -97 = -a + i. Suppose -316 = -2*h + 5*k - 4*k, a = 5*h - 2*k. What is the tens digit of h?
5
Let y(r) = 64*r**2 - 8*r - 7. Let q be y(-3). Suppose -q - 507 = -5*j. What is the tens digit of j?
2
Let k = 15052 + -10311. What is the hundreds digit of k?
7
Let r = -96 + 106. Suppose -r*d = -287 - 5293. What is the hundreds digit of d?
5
Let j(g) = 10*g - 96. Let n be (530/795)/((-3)/(450/(-4))). What is the tens digit of j(n)?
5
Suppose -3*f = -3*r - 62082, 16*r - 11*r - 103480 = -5*f. What is the ten thousands digit of f?
2
Suppose -134080 = -5*d - 5*z, 16*d = 20*d - 3*z - 107285. What is the tens digit of d?
1
Suppose -4*h = -4*d + 47012, 0 = -4*d - 0*d - 6*h + 46982. What is the ten thousands digit of d?
1
Let s = -13331 + 29453. What is the units digit of s?
2
Let c(t) = -t - 13. Let b be c(-9). Let f be (-2)/((-4)/(-18))*(3 + b). Suppose 0 = q - f*q + 552. What is the units digit of q?
9
Let q(i) = 2223*i + 1113. What is the hundreds digit of q(3)?
7
Suppose -2*f + 6 = -x, 2*x - 12 = -4*f - 0*x. Let w = 5837 + -5832. Suppose -w*q = -f*t - 134, -2*q + 26 + 26 = -2*t. What is the units digit of q?
8
Let f(j) = 30*j**2 + 7 + 31*j**2 - 11*j - 14*j**2. Let u be f(7). Suppose -7*k + u = 4*k. What is the tens digit of k?
0
Let i(a) = 7 - 21*a + 18*a**2 - 28*a + 47*a. What is the tens digit of i(-3)?
7
Suppose 7 = 3*z - 2. Suppose z*i - 259 = 2*d - 0*d, -419 = -5*i - 3*d. Let t = 137 - i. What is the units digit of t?
2
Suppose -321*j + 9682 = -320*j. What is the units digit of j?
2
Suppose 0 = 258*i - 297931 - 37803 - 171752. What is the tens digit of i?
6
Suppose -3*n - 14 = m, n - 34 = 5*m + 4*n. Let w be 7/m + 1 + 36/15. Suppose 0*t = -4*t - 2*a + 154, -3*a + 71 = w*t. What is the tens digit of t?
4
Suppose -h + 5*b = -17, -7 = -2*h + 4*b + 9. What is the tens digit of h - (-8853)/26*(-4)/(-3)?
5
Suppose -2 = 7*b - 23. Let p be 24/(-9)*b/(-2). Suppose 2*r - 203 - 253 = -4*g, -p*r = -2*g - 872. What is the tens digit of r?
2
Suppose q - 12*q + 0*q = 0. Suppose q = -17*s + 28*s - 1694. What is the units digit of s?
4
Let t(d) = 21362*d + 111. What is the thousands digit of t(1)?
1
Let u = -69 + 76. Suppose 4*d = u*d. What is the tens digit of 1*(-1 + d)*(-162 - 1)?
6
Suppose 11*g - 32308 = 52*g. Let f = 1023 + g. What is the tens digit of f?
3
Let k = 5814 - 935. What is the tens digit of k?
7
Suppose -181 = -3*i + 68. Let f = i - 79. Suppose 824 = f*c + 4*b, -2*c = 4*b - 410 + 8. What is the hundreds digit of c?
2
Let a = 195 - 177. What is the units digit of -6*(-204)/a*8?
4
Let i = 315 - -216. Let s = i - 165. What is the tens digit of s?
6
Suppose -83*m + 125*m - 1784538 = 0. What is the thousands digit of m?
2
What is the units digit of ((-115515)/(-12) - 2) + -7*23/644?
4
Suppose 2*g - 4 + 2 = 0. Let t be g - (4 - (10 - 3)). Suppose 3*b = -5*f + 230, b + t*f = 8*f + 105. What is the tens digit of b?
8
Let y = 5441 + 6067. What is the hundreds digit of y?
5
Let s be (-7 - -7) + -7 - 213. What is the tens digit of ((-12)/(-5))/(11 + 2414/s)?
8
What is the hundreds digit of 14 + -19 + 14 - -292?
3
Let d(v) = -3*v**3 + 34*v**2 - 9*v + 87. Let o be d(11). Suppose 0 = 5*y - 2*y - 192. Let j = o - y. What is the units digit of j?
5
Let t(b) = -153*b**3 + 3*b**2 + 4*b + 2. Let z be 5 - 3 - 5 - -6. Suppose -z = -2*y + 5*y. What is the hundreds digit of t(y)?
1
Let s(x) = 9*x**2 + 375*x + 36. What is the thousands digit of s(18)?
9
What is the units digit of 359562/(-28)*(-6)/21?
9
Suppose -469382 + 68622 = -109*w + 501651. What is the units digit of w?
9
Suppose -5*j = 3*t + 33, 4*j + 15 = -3*t - 21. Let p = t - -969. What is the units digit of p?
3
Suppose -4*q = -2*c - 14, 3*q - 6 = 2*c + 7. What is the units digit of (-3 + 36)/((q/11)/1)?
3
Suppose -19*m = -22*m + 4*g + 39369, -m = 5*g - 13104. What is the units digit of m?
9
Let b = 59 - 122. Let s = -58 - b. Suppose 0 = -3*w - 14 - 1, 0 = -s*c - 3*w + 65. What is the units digit of c?
6
Let r(l) = -3*l**3 + 2*l**2 - 9*l + 24. Let o be r(4). Let d be (-2 - o/36) + 4/18. Suppose -364 = -d*k - 97. What is the units digit of k?
9
Let g(k) = k**3 + k**2 - 40*k + 139. What is the units digit of g(14)?
9
Suppose 4*a = 3*z - 179, -85 = 3*a + 3*z + 23. Let w = 46 + a. Suppose -j - 352 = -w*j. What is the tens digit of j?
8
Let q(o) = -o**2 + 31*o - 22. Let x be q(30). Suppose x = -4*p, 0 = 2*j + 7*p - 4*p - 1776. What is the units digit of j?
1
Let b = 69 - -246. Suppose 0 = -d + 265 + b. What is the units digit of d?
0
Let w(y) = 3*y**3 - 7*y**2 + 6*y + 14. Let o be w(6). Suppose 3*d + o = r, -4*r + 1504 = -2*d - 240. What is the units digit of r?
4
Let v = -15284 - -31262. What is the ten thousands digit of v?
1
Let u(m) = -m**3 + 6*m**2 - m - 13. Let x be u(4). Suppose 1461 = 18*b - x*b. What is the tens digit of b?
8
Let a = 4190 - 2961. Let i = -711 + a. Suppose -i = -8*z + 418. What is the tens digit of z?
1
Let m(t) be the first derivative of 49*t**2/2 + 38*t - 87. What is the hundreds digit of m(9)?
4
Let j = 79995 - 47625. What is the ten thousands digit of j?
3
Let v(j) = -30179*j + 1846. What is the units digit of v(-1)?
5
Let w(d) be the second derivative of d**5/20 - d**4/2 + 5*d**3/3 - 9*d**2/2 - 2*d. Let x be w(5). Suppose 15*s = x*s - 97. What is the tens digit of s?
9
Let n(k) = 6*k**2 - 8*k + 10. Let u be n(9). Let t be 8/(-28) + u/14. Let r = -9 + t. What is the units digit of r?
1
Let t = 92 - 92. Suppose t = 2*k + 8, -3*g = 4*k - 6*k - 530. What is the units digit of g?
4
Suppose 4*v + 5984 = 2*k, k - 3160 = -v - 153. Let u = -2011 + k. What is the hundreds digit of u?
9
Suppose 0 = 2*y + 425 + 105. Suppose -913 = -2*p + 5*s, 1844 = -2*p + 6*p - 4*s. Let n = p + y. What is the tens digit of n?
9
Let r(g) = -10*g - 246. Let f be r(-24). Let k(z) = -4*z**2 - 6. Let m be k(-7). What is the tens digit of (m/6)/((-4)/f - 1)?
0
Let v = -261 + 309. Suppose 0 = 5*b - 3*l - v, -2*b + 2*l = 3 - 19. What is the units digit of b?
2
Let w(x) = 38*x + 5. Suppose 2*d = 4*v - 12 - 0, 0 = 4*d. Suppose 0*l - 4*l + 9 = -v*h, 4*h + 3*l = 13. What is the tens digit of w(h)?
4
Let i = -58 - -62. Suppose 2*a - 6 = -4*v, -2*a + i*v - 12 = 2*a. What is the tens digit of (-104)/6*(a + -2 + -3)?
0
Suppose -32*q + 22348 = -13204. What is the tens digit of q?
1
Let p = 1146 - 2163. Let c =